e number?
False
Is 736291 a prime number?
False
Is 72737 a composite number?
True
Is 181247 composite?
True
Is 93281 composite?
False
Is 5299 prime?
False
Is 48509 composite?
True
Is 124951 a prime number?
True
Is 2075761 composite?
False
Is 1536281 a composite number?
False
Is 77299 a prime number?
False
Is 39451 a composite number?
False
Is 16741 a prime number?
True
Is 14899 a composite number?
True
Is 528254 prime?
False
Is 205817 a prime number?
True
Is 64045 composite?
True
Is 71 prime?
True
Is 564391 composite?
False
Is 2501761 a composite number?
False
Is 51443 prime?
False
Is 873737 prime?
False
Is 126421 a composite number?
False
Is 511239 composite?
True
Is 313459 composite?
True
Is 242057 prime?
True
Is 101299 a composite number?
True
Is 512777 a prime number?
False
Is 98269 prime?
True
Is 3407 composite?
False
Is 68521 prime?
True
Is 63599 a composite number?
False
Is 155453 a prime number?
True
Is 5737 prime?
True
Is 14621 prime?
True
Is 475613 prime?
True
Is 514333 composite?
False
Is 6389 a composite number?
False
Is 232745 composite?
True
Is 833153 a prime number?
False
Is 538987 composite?
False
Is 4369 a composite number?
True
Is 29947 a composite number?
False
Is 94541 prime?
True
Is 4201 prime?
True
Is 1027 a prime number?
False
Is 9122 a composite number?
True
Is 559373 a composite number?
True
Is 81071 prime?
True
Is 187 composite?
True
Is 373399 a composite number?
True
Is 32711 a composite number?
True
Is 419819 a composite number?
True
Is 129877 composite?
True
Is 1511 prime?
True
Is 160019 composite?
False
Is 103055 prime?
False
Is 67 prime?
True
Is 41867 prime?
False
Is 8209 a prime number?
True
Is 58027 composite?
False
Is 104063 prime?
False
Is 17323 prime?
False
Is 12437 a prime number?
True
Is 2657 prime?
True
Is 20453 composite?
True
Is 8999 a composite number?
False
Is 180997 prime?
False
Is 1094 composite?
True
Is 114877 a prime number?
False
Is 69593 a composite number?
False
Is 941 composite?
False
Is 49561 a prime number?
False
Is 7121 a prime number?
True
Is 1006951 composite?
True
Is 1322203 composite?
False
Is 6559 prime?
False
Is 2363 prime?
False
Is 51469 composite?
True
Is 48073 a prime number?
True
Is 382129 a composite number?
True
Is 2528299 a prime number?
True
Is 214899 a prime number?
False
Is 427849 a prime number?
True
Is 38993 prime?
True
Is 957317 a composite number?
False
Is 3894409 a composite number?
False
Is 2155 a prime number?
False
Is 2251 a prime number?
True
Is 9587 a prime number?
True
Is 3287 composite?
True
Is 482569 a composite number?
False
Is 99469 composite?
False
Is 930803 composite?
True
Is 39071 a prime number?
False
Is 158845 a composite number?
True
Is 9917 a composite number?
True
Is 4007 a prime number?
True
Is 7571 a prime number?
False
Is 6469 composite?
False
Is 18021 a composite number?
True
Is 11351 a prime number?
True
Is 951655 a composite number?
True
Is 87293 a composite number?
False
Is 3053 prime?
False
Is 37333 prime?
False
Is 13261 a composite number?
True
Is 2257 a prime number?
False
Is 26503 composite?
True
Is 75935 prime?
False
Is 1151 a prime number?
True
Is 6623 a prime number?
False
Is 68167 composite?
True
Is 320533 composite?
False
Is 669 a prime number?
False
Is 14699 a prime number?
True
Is 16867 a prime number?
False
Is 31639 a prime number?
False
Is 75289 a composite number?
False
Is 18433 a composite number?
False
Is 405322 composite?
True
Is 240947 a composite number?
True
Is 249506 a composite number?
True
Is 7555 prime?
False
Is 15541 a composite number?
False
Is 7167 a composite number?
True
Is 256427 prime?
False
Is 1858895 a prime number?
False
Is 8143 prime?
False
Is 23399 a prime number?
True
Is 4861 prime?
True
Is 3682471 prime?
False
Is 4243687 a composite number?
True
Is 97049 a composite number?
True
Is 7177 a prime number?
True
Is 166213 a composite number?
True
Is 218135 prime?
False
Is 7723 a composite number?
False
Is 665773 composite?
False
Is 45143 composite?
True
Is 163927 composite?
False
Is 34582 a prime number?
False
Is 9661 a composite number?
False
Is 204857 a prime number?
True
Is 2045 a prime number?
False
Is 7229 prime?
True
Is 9029 prime?
True
Is 238045 composite?
True
Is 410579 a prime number?
False
Is 20365 prime?
False
Is 6901 a composite number?
True
Is 104365 a prime number?
False
Is 14699 composite?
False
Is 489 prime?
False
Is 492455 a prime number?
False
Is 19237 composite?
False
Is 6239 prime?
False
Is 10937 prime?
True
Is 3409 a prime number?
False
Is 284111 prime?
True
Is 791777 a composite number?
True
Is 8353 a composite number?
False
Is 9029 composite?
False
Is 1069 a prime number?
True
Is 1019 a composite number?
False
Is 182734 a prime number?
False
Is 2328913 a composite number?
False
Is 1210285 prime?
False
Is 293857 composite?
True
Is 191809 composite?
True
Is 870533 prime?
True
Is 64811 a composite number?
False
Is 57983 a composite number?
True
Is 10607 a composite number?
False
Is 91591 a composite number?
False
Is 12977 a prime number?
False
Is 527 composite?
True
Is 10033 composite?
True
Is 187567 a prime number?
False
Is 7997 composite?
True
Is 2333 a composite number?
False
Is 35393 composite?
False
Is 6658 a prime number?
False
Is 370231 prime?
False
Is 1957 composite?
True
Is 24329 composite?
False
Is 76333 a composite number?
False
Is 18803 a prime number?
True
Is 132679 a composite number?
False
Is 5545285 prime?
False
Is 17401 prime?
True
Is 1730977 a composite number?
True
Is 150827 a prime number?
True
Is 61433 a prime number?
False
Is 9649 composite?
False
Is 37801 composite?
True
Is 5039 prime?
True
Is 54869 a composite number?
False
Is 771941 composite?
False
Is 7573 prime?
True
Is 2707 prime?
True
Is 529277 composite?
True
Is 12227 a prime number?
True
Is 529301 composite?
False
Is 570797 a prime number?
False
Is 14242 a composite number?
True
Is 168761 prime?
True
Is 86543 a prime number?
False
Is 3779 composite?
False
Is 10061 composite?
False
Is 404129 prime?
False
Is 3345385 a prime number?
False
Is 215567 a prime number?
False
Is 421606 a prime number?
False
Is 22613 composite?
False
Is 32531 prime?
True
Is 24251 a composite number?
False
Is 1341974 prime?
False
Is 2579 prime?
True
Is 176153 a composite number?
False
Is 34693 prime?
True
Is 255457 a composite number?
False
Is 13061 a prime number?
False
Is 17399 a prime number?
False
Is 1263071 prime?
True
Is 13171 composite?
False
Is 62207 composite?
False
Is 7829 a composite number?
False
Is 8059 a prime number?
True
Is 131873 composite?
True
Is 23453 composite?
True
Is 139727 composite?
True
Is 40949 a composite number?
False
Is 15101 a composite number?
False
Is 32347 composite?
True
Is 128473 prime?
True
Is 4783 prime?
True
Is 976177 prime?
True
Is 654337 composite?
True
Is 76397 a prime number?
False
Is 45601 prime?
False
Is 10297 a prime number?
False
Is 6787 prime?
False
Is 271087 a prime number?
False
Is 48959 a composite number?
True
Is 454 a prime number?
False
Is 44753 a composite number?
False
Is 14281 prime?
True
Is 6563 composite?
False
Is 19957 composite?
True
Is 7789 composite?
False
Is 52163 a composite number?
False
Is 1151021 prime?
True
Is 33817 a prime number?
False
Is 313909 prime?
True
Is 2587 a prime number?
False
Is 6377 a prime number?
False
Is 1843 a prime number?
False
Is 35261 prime?
False
Is 122009 composite?
True
Is 10081 prime?
False
Is 23719 prime?
True
Is 605713 composite?
True
Is 81331 composite?
False
Is 303119 composite?
False
Is 517255 a composite number?
True
Is 2554 a composite number?
True
Is 220141 a prime number?
True
Is 159101 a prime number?
False
Is 16013 a composite number?
True
Is 78259 a prime number?
True
Is 244163 a prime number?
False
Is 133559 a prime number?
True
Is 109 composite?
False
Is 120293 a prime number?
True
Is 100999 a prime number?
True
Is 820255 a prime number?
False
Is 9535 a prime number?
False
Is 4336637 a prime number?
False
Is 250147 prime?
True
Is 2393101 prime?
True
Is 75963 a prime number?
False
Is 65167 prime?
True
Is 757 composite?
False
Is 55655 composite?
True
Is 84355 a prime number?
False
Is 1000018 a prime number?
False
Is 1410515 a prime number?
False
Is 1775749 prime?
False
Is 128969 a prime number?
True
Is 2897 composite?
False
Is 448